10200
In base 6, what is 143 + 532?
1115
In base 8, what is -14565 + -3?
-14570
In base 4, what is -223330 - 3?
-223333
In base 7, what is -51143 + -65?
-51241
In base 13, what is -1924c - -5?
-19247
In base 14, what is 4 - 17b2c?
-17b28
In base 14, what is c10 - -53?
c63
In base 6, what is -213 + 142?
-31
In base 6, what is 112401 + 1?
112402
In base 4, what is 20001 + -12?
13323
In base 12, what is -3 - -135a8?
135a5
In base 14, what is 550783 + 5?
550788
In base 9, what is -3164 + 45?
-3118
In base 6, what is 11501 + 5?
11510
In base 2, what is 101100100 + 110110101010?
111100001110
In base 9, what is -3 + 18818?
18815
In base 15, what is -38b - -4c5?
139
In base 16, what is 5 + 10063?
10068
In base 11, what is 119 + 7?
125
In base 12, what is 9 - 15542?
-15535
In base 3, what is 1021100 - -12201?
1111001
In base 12, what is -1 - -43a96?
43a95
In base 12, what is -20 + 18bb?
189b
In base 9, what is -2 - -125783?
125781
In base 12, what is 29 + 34000?
34029
In base 14, what is 21 - -824b?
826c
In base 10, what is -201468 - 4?
-201472
In base 6, what is 145 - 34343?
-34154
In base 5, what is 33 - 110242?
-110204
In base 6, what is -13333 - -14441?
1104
In base 10, what is -2626 - -3?
-2623
In base 10, what is 5 - 31507?
-31502
In base 11, what is -1162 - -1?
-1161
In base 11, what is 2 + -2320?
-2319
In base 15, what is -c - -2e76?
2e69
In base 12, what is 9157 + -b?
9148
In base 6, what is 31 + 343201?
343232
In base 12, what is -a - -17131?
17123
In base 4, what is -11322132 + 2?
-11322130
In base 2, what is -101 + 100010010110010011?
100010010110001110
In base 6, what is -150 + -3114?
-3304
In base 15, what is 4b - -37?
83
In base 2, what is -1111110101000001111111 - 11?
-1111110101000010000010
In base 15, what is -e + -996?
-9a5
In base 7, what is 20006 - 34?
16642
In base 16, what is 639 - 466?
1d3
In base 7, what is -23231 - 3?
-23234
In base 13, what is 16c164 + -a?
16c157
In base 8, what is -506 + -4204?
-4712
In base 12, what is -18 - 1831?
-1849
In base 10, what is 4 - -15544?
15548
In base 14, what is -4d + -aa6?
-b15
In base 12, what is 5651 - 81?
5590
In base 11, what is -3 - -9471?
9469
In base 13, what is 7 + -13c4b?
-13c44
In base 12, what is -1 - -15304?
15303
In base 9, what is 1706 + -223?
1473
In base 11, what is -41951 + -5?
-41956
In base 9, what is -6426 - 4?
-6431
In base 7, what is 155 - -1665?
2153
In base 3, what is 102 - -1011112010?
1011112112
In base 13, what is -c - 3933?
-3942
In base 11, what is 65a + 16?
675
In base 8, what is -22 - 3565?
-3607
In base 6, what is -102 - 1452?
-1554
In base 8, what is -53 - -2755?
2702
In base 3, what is 10 + 10022221?
10100001
In base 14, what is 21b5bb + 4?
21b5c1
In base 11, what is 4 + 71a83?
71a87
In base 16, what is -c - -7ed3?
7ec7
In base 10, what is -174 - 789?
-963
In base 6, what is 143 - 3553?
-3410
In base 14, what is -318 + -72?
-38a
In base 13, what is -24607 + 1?
-24606
In base 16, what is -1c8 + -39d?
-565
In base 15, what is 0 + -30a29?
-30a29
In base 11, what is -24596 + 5?
-24591
In base 5, what is -134143 - 4?
-134202
In base 5, what is 22 + -11140134?
-11140112
In base 6, what is 1 + 14553?
14554
In base 10, what is 11154 + -3?
11151
In base 4, what is 1 - -2230222?
2230223
In base 8, what is -725 - -327?
-376
In base 12, what is -3a43a - 3?
-3a441
In base 4, what is 3113102 + 202?
3113310
In base 13, what is 297 - 2?
295
In base 4, what is -102 - -3310013?
3303311
In base 6, what is -1 - -114414?
114413
In base 9, what is 550450 - -4?
550454
In base 2, what is -1110 - -11000000100010?
11000000010100
In base 6, what is -25 - -12425?
12400
In base 6, what is 1312154 + -11?
1312143
In base 2, what is -111110000001001111 + 101?
-111110000001001010
In base 8, what is -4 + 10233?
10227
In base 11, what is -3 + 40553?
40550
In base 2, what is -1101100101001100010 - -10?
-1101100101001100000
In base 2, what is 0 + 111111100110100?
111111100110100
In base 6, what is 432 - 245?
143
In base 15, what is 1e - -2dc?
30b
In base 13, what is 362 + 24?
386
In base 9, what is 25 - -342?
367
In base 12, what is 2253 + 37?
228a
In base 16, what is 10 - 514?
-504
In base 10, what is -343292 + 1?
-343291
In base 10, what is 5 + 423038?
423043
In base 7, what is 15024 - -31?
15055
In base 16, what is -4 - -134b?
1347
In base 7, what is 1 + -124324?
-124323
In base 14, what is -a + 2123?
2117
In base 13, what is 4 + -4542?
-453b
In base 12, what is 14 + -14393?
-1437b
In base 6, what is 20051 + -335?
15312
In base 16, what is -3b - -19ae?
1973
In base 3, what is 1110002022 - -102?
1110002201
In base 3, what is 10 + -11021222000?
-11021221220
In base 6, what is 1 - 32520240?
-32520235
In base 6, what is -15 + -252?
-311
In base 11, what is 36 + 2046?
2081
In base 7, what is -135 + -1153?
-1321
In base 14, what is -51 + 21d?
1ac
In base 3, what is -221201011010 + 12?
-221201010221
In base 8, what is 11616 + -2?
11614
In base 5, what is -100 + 1033?
433
In base 12, what is 40 - -1782?
1802
In base 6, what is -50345004 - -1?
-50345003
In base 15, what is -5 + 78aea?
78ae5
In base 11, what is a9904 + -4?
a9900
In base 12, what is -14 + 20005?
1bbb1
In base 6, what is 142 - 3431?
-3245
In base 16, what is -4ecbd - 3?
-4ecc0
In base 3, what is 110 + -1100210?
-1100100
In base 2, what is 10011000011000010 + 10110?
10011000011011000
In base 11, what is -6806 - -118?
-6699
In base 5, what is 1210 - 14031?
-12321
In base 6, what is 52225 - -21?
52250
In base 15, what is -1594c8 + 1?
-1594c7
In base 5, what is -1242404 - -40?
-1242314
In base 9, what is 0 + 20348?
20348
In base 16, what is caf + 39?
ce8
In base 10, what is 5 - 19436?
-19431
In base 12, what is 1263 - 18?
1247
In base 9, what is 4 + -4876?
-4872
In base 2, what is -10111001000010011000 + -10?
-10111001000010011010
In base 6, what is -4114 + -14121?
-22235
In base 8, what is -1452 + 3401?
1727
In base 14, what is 151c - 42?
14ba
In base 14, what is 3 + -14c2?
-14bd
In base 15, what is 3071c - -1?
3071d
In base 14, what is -88a + 85?
-805
In base 11, what is -91361 + 1?
-91360
In base 6, what is -1233 - -12311?
11034
In base 16, what is -202 - 3e?
-240
In base 9, what is -187215 - 12?
-187227
In base 15, what is 17b9 + 15?
17ce
In base 2, what is -101101110000110000 - -10?
-101101110000101110
In base 7, what is 4061 + 2?
4063
In base 16, what is -4 - 3b83?
-3b87
In base 12, what is -8 - -7791?
7785
In base 13, what is 88 - -92a0?
9358
In base 9, what is 162141 + -3?
162137
In base 12, what is -5a - 6b?
-109
In base 5, what is -214 + 34122?
33403
In base 14, what is 4 - -3220?
3224
In base 12, what is -2 - 5480?
-5482
In base 9, what is 38215 - 4?
38211
In base 6, what is -320 + -15041?
-15401
In base 12, what is -4 + -1604?
-1608
In base 2, what is -10011011 - -11?
-10011000
In base 15, what is -3875 + 6?
-386e
In base 10, what is 60884 + -10?
60874
In base 14, what is 110a + -96?
1054
In base 7, what is -5122 - -105?
-5014
In base 3, what is -1211112 - -110221?
-1100121
In base 3, what is -20020110 + 120101?
-12200002
In base 10, what is -1 + 37207?
37206
In base 2, what is 10011 - 111011101000?
-111011010101
In base 15, what is 734b8 - 2?
734b6
In base 10, what is 5 + 190333?
190338
In base 12, what is 27577 + -4?
27573
In base 10, what is 9 + 245055?
245064
In base 7, what is -23551251 + -1?
-23551252
In base 10, what is -33744 + -4?
-33748
In base 14, what is 2a42 - -6?
2a48
In base 3, what is 1212222 + 111222?
2101221
In base 2, what is -11001011001110001011 - 1?
-11001011001110001100
In base 15, what is -50 - 1b1b?
-1b6b
In base 16, what is 18ccf - 7?
18cc8
In base 15, what is -1 - -3739?
3738
In base 7, what is -16 - -3323?
3304
In base 7, what is -1102 - -321?
-451
In base 4, what is 10032 - 1322?
2110
In base 11, what is 69 + 34864?
34922
In base 16, what is 1 - d3de?
-d3dd
In base 3, what is 1120222 - 11210?
1102012
In base 12, what is -2 + -45a?
-460
In base 13, what is 90 + 6483?
6543
In base 14, what is 4 + 1d0d6?
1d0da
In base 15, what is -2 + -e081?
-e083
In base 6, what is -11522 - 402?
-12324
In base 6, what is -22031 + 225?
-21402
In base 8, what is -5546 + 176?
-5350
In base 8, what is 7 - -4205?
4214
In base 9, what is -33186 + -4?
-33201
In base 5, what is 10 - -102134320?
102134330
In base 12, what 